93 and 659.
659
Calculate the highest common factor of 19017 and 260006763.
6339
What is the greatest common divisor of 11288542 and 8426?
766
Calculate the greatest common divisor of 225095976 and 32.
8
What is the greatest common divisor of 576 and 692408448?
576
What is the highest common divisor of 13731 and 1265043?
597
What is the greatest common factor of 733455 and 1539?
81
What is the highest common divisor of 6068 and 18265992?
164
What is the greatest common factor of 824091 and 1008?
3
What is the greatest common factor of 83388 and 2364?
12
Calculate the highest common factor of 670 and 402640.
10
Calculate the highest common divisor of 30 and 5733762.
6
What is the greatest common factor of 165891 and 43923?
363
What is the highest common divisor of 10650386 and 1816?
454
What is the greatest common divisor of 18736214 and 9338?
322
Calculate the highest common divisor of 4966176 and 160752.
816
Calculate the highest common divisor of 175 and 10551485.
35
What is the greatest common divisor of 6859743 and 9603?
3201
Calculate the greatest common divisor of 613976 and 72160.
88
Calculate the highest common divisor of 76635 and 117715.
65
What is the greatest common divisor of 9979 and 6511?
17
What is the highest common divisor of 2812 and 377252?
148
Calculate the greatest common factor of 26963835 and 45.
15
Calculate the greatest common divisor of 1946 and 1433924.
278
Calculate the greatest common factor of 1091586274 and 58.
58
What is the highest common factor of 26422 and 2024?
22
What is the highest common divisor of 23883 and 1697517?
57
What is the greatest common factor of 4105 and 49067065?
4105
What is the highest common factor of 31434 and 2558244?
2418
What is the highest common divisor of 1090661 and 8671?
377
Calculate the greatest common divisor of 76648 and 1032746.
286
Calculate the greatest common divisor of 461544 and 228.
12
Calculate the highest common divisor of 20335 and 63604975.
2905
What is the highest common divisor of 13153309 and 54119?
299
Calculate the greatest common divisor of 9589 and 348773.
43
What is the highest common divisor of 543620 and 66?
22
Calculate the highest common divisor of 9591511 and 481493.
4261
What is the greatest common factor of 478 and 517196?
478
Calculate the highest common factor of 12960 and 168801840.
2160
What is the greatest common factor of 30185327 and 94?
47
Calculate the highest common divisor of 2441 and 2567836801.
2441
What is the greatest common divisor of 6462 and 62229419?
359
Calculate the greatest common divisor of 600683 and 99576.
461
What is the greatest common divisor of 588 and 2569322?
14
What is the greatest common factor of 466070 and 19030?
110
Calculate the greatest common divisor of 5065776 and 123952.
2032
What is the highest common divisor of 7995 and 1660035?
195
Calculate the highest common factor of 141409 and 63837.
41
What is the greatest common divisor of 6391 and 118741?
7
Calculate the highest common divisor of 15468517 and 17832.
743
Calculate the highest common divisor of 185 and 25463881.
37
Calculate the highest common divisor of 1826 and 8361474.
22
What is the greatest common divisor of 512 and 261654688?
32
Calculate the highest common factor of 9250829 and 84.
7
What is the highest common divisor of 14 and 655689902?
14
Calculate the greatest common divisor of 7364151 and 27.
9
What is the greatest common factor of 33397013 and 3147?
1049
Calculate the highest common factor of 20385 and 3822930.
135
Calculate the greatest common divisor of 1677 and 11757619.
43
What is the greatest common factor of 588 and 155478?
6
Calculate the highest common factor of 1132796 and 165346.
3518
What is the highest common divisor of 173299 and 1197?
133
What is the highest common divisor of 35185493 and 358?
179
What is the greatest common factor of 17016742 and 3448?
862
What is the highest common divisor of 17051 and 295?
59
Calculate the highest common divisor of 1048607 and 186204.
59
What is the greatest common divisor of 402 and 220650?
6
What is the highest common divisor of 6551706 and 7238?
658
What is the greatest common factor of 3432 and 167455288?
1144
What is the highest common factor of 55148 and 782?
34
What is the highest common divisor of 5580 and 1499784588?
1116
What is the greatest common factor of 40189500 and 38014?
458
Calculate the greatest common factor of 114 and 3401589.
57
What is the highest common factor of 30085 and 145647502?
6017
What is the highest common divisor of 2948 and 4620253?
737
What is the greatest common divisor of 3952257 and 9?
3
Calculate the highest common factor of 125272914 and 339078.
10938
Calculate the greatest common factor of 22606074 and 1728.
54
What is the greatest common divisor of 80432340 and 3540?
3540
What is the highest common factor of 33646774 and 1297?
1297
What is the highest common divisor of 15284380 and 2260?
2260
Calculate the highest common factor of 1323490666 and 3922.
3922
Calculate the highest common factor of 4794592 and 1408.
352
Calculate the greatest common factor of 21253375 and 246246.
5863
What is the greatest common factor of 17271 and 6843154?
1919
What is the highest common divisor of 46152162 and 560?
14
What is the highest common divisor of 65548 and 9373?
7
Calculate the greatest common factor of 671 and 859002.
61
What is the highest common divisor of 1729 and 6153?
7
What is the highest common factor of 2317 and 64465891?
2317
What is the greatest common divisor of 19089 and 504?
63
Calculate the greatest common divisor of 520 and 286049400.
520
Calculate the greatest common divisor of 260 and 6574932.
52
What is the highest common factor of 156928 and 88576?
256
Calculate the greatest common divisor of 107538 and 516.
6
What is the greatest common divisor of 913 and 20908613?
913
Calculate the highest common factor of 2114 and 3856087.
151
What is the greatest common divisor of 50155 and 3029425?
35
What is the greatest common factor of 935 and 298817585?
935
What is the greatest common divisor of 2608 and 23008?
16
Calculate the greatest common divisor of 1448760 and 53208.
24
Calculate the highest common divisor of 116900 and 700.
700
Calculate the highest common divisor of 1504 and 132493.
47
Calculate the highest common divisor of 6175520 and 352.
32
What is the highest common divisor of 1132521 and 82209?
1227
Calculate the greatest common divisor of 31203939 and 299.
299
Calculate the greatest common divisor of 62 and 105368318.
62
Calculate the highest common factor of 763875 and 20175.
75
Calculate the greatest common factor of 1496109 and 447.
447
What is the greatest common factor of 50096 and 48274768?
1616
What is the greatest common factor of 320 and 9668930?
10
Calculate the greatest common divisor of 64219831 and 13.
13
What is the greatest common factor of 105458082 and 6?
6
What is the highest common divisor of 22212342 and 1104?
138
What is the highest common divisor of 530098 and 512?
2
What is the highest common factor of 158 and 2160399017?
79
Calculate the highest common factor of 1868771052 and 18.
18
What is the greatest common factor of 38484 and 53604?
36
What is the highest common divisor of 55752518 and 1146?
382
What is the greatest common factor of 360 and 662533320?
120
Calculate the highest common factor of 2114 and 4086664.
302
Calculate the greatest common factor of 4103624 and 1009904.
7112
What is the greatest common divisor of 256046967 and 131?
131
What is the highest common divisor of 657062 and 32788?
14
What is the highest common factor of 125972 and 132?
44
What is the greatest common factor of 25245 and 719015?
935
Calculate the greatest common factor of 2121 and 1496019.
21
What is the greatest common factor of 16065 and 27405?
945
Calculate the greatest common divisor of 666 and 92954619.
333
What is the highest common divisor of 135375 and 408875?
125
What is the greatest common factor of 130103 and 2051019?
281
What is the highest common divisor of 320 and 474680?
40
Calculate the highest common factor of 556 and 1800398612.
556
What is the highest common factor of 656976 and 325296?
48
What is the greatest common divisor of 2420200 and 5000?
200
What is the highest common divisor of 72608 and 96